?
5
What is the hundred thousands digit of 35196792?
1
What is the millions digit of 2729231?
2
What is the hundred millions digit of 668171390?
6
What is the millions digit of 55124975?
5
What is the units digit of 27652446?
6
What is the hundred millions digit of 603558628?
6
What is the ten millions digit of 21040994?
2
What is the hundred millions digit of 4036315213?
0
What is the thousands digit of 447681968?
1
What is the thousands digit of 14134519?
4
What is the hundred thousands digit of 38886839?
8
What is the units digit of 450015982?
2
What is the hundred thousands digit of 176655763?
6
What is the hundred millions digit of 1036075202?
0
What is the millions digit of 496967476?
6
What is the hundred millions digit of 644993982?
6
What is the millions digit of 57478873?
7
What is the hundred millions digit of 184445689?
1
What is the ten thousands digit of 7142076273?
7
What is the ten millions digit of 7652698032?
5
What is the millions digit of 4022914069?
2
What is the hundred millions digit of 5630870943?
6
What is the ten thousands digit of 82150896?
5
What is the thousands digit of 2058460407?
0
What is the ten millions digit of 30956421?
3
What is the millions digit of 97680092?
7
What is the units digit of 936171091?
1
What is the ten millions digit of 249472572?
4
What is the hundreds digit of 2233100846?
8
What is the tens digit of 365941596?
9
What is the tens digit of 41480298?
9
What is the hundred millions digit of 221664923?
2
What is the millions digit of 1323864413?
3
What is the millions digit of 9289707?
9
What is the millions digit of 175078697?
5
What is the thousands digit of 217721726?
1
What is the hundred thousands digit of 8288621866?
6
What is the ten millions digit of 478700678?
7
What is the ten millions digit of 37357907?
3
What is the hundred thousands digit of 33337399?
3
What is the hundred millions digit of 5382467057?
3
What is the units digit of 2449327169?
9
What is the hundreds digit of 78122000?
0
What is the hundred millions digit of 474676727?
4
What is the hundreds digit of 112236693?
6
What is the hundred millions digit of 900516166?
9
What is the ten millions digit of 976242209?
7
What is the millions digit of 46396714?
6
What is the ten millions digit of 1799429960?
9
What is the hundreds digit of 1422916493?
4
What is the ten thousands digit of 45478623?
7
What is the thousands digit of 521114778?
4
What is the units digit of 36485299?
9
What is the tens digit of 282575331?
3
What is the units digit of 715713958?
8
What is the hundred thousands digit of 890609804?
6
What is the hundred thousands digit of 31806767?
8
What is the millions digit of 39649196?
9
What is the ten millions digit of 127425994?
2
What is the hundred thousands digit of 2620268652?
2
What is the tens digit of 47324869?
6
What is the ten millions digit of 82568620?
8
What is the ten thousands digit of 653303340?
0
What is the hundred thousands digit of 1488789332?
7
What is the thousands digit of 273502988?
2
What is the hundreds digit of 1627856329?
3
What is the ten thousands digit of 342521350?
2
What is the tens digit of 66290849?
4
What is the ten thousands digit of 428984691?
8
What is the hundred thousands digit of 114465547?
4
What is the ten millions digit of 72450532?
7
What is the millions digit of 801086644?
1
What is the hundreds digit of 21495579?
5
What is the hundred millions digit of 4703432232?
7
What is the units digit of 56220130?
0
What is the hundreds digit of 10279390?
3
What is the units digit of 2878455424?
4
What is the units digit of 36340352?
2
What is the tens digit of 1044771901?
0
What is the ten millions digit of 210117763?
1
What is the units digit of 29143704?
4
What is the tens digit of 157227007?
0
What is the tens digit of 121676470?
7
What is the units digit of 20150530?
0
What is the units digit of 143200109?
9
What is the hundred millions digit of 863708226?
8
What is the hundred thousands digit of 105383557?
3
What is the hundreds digit of 58920816?
8
What is the millions digit of 687989220?
7
What is the hundred millions digit of 229504928?
2
What is the ten millions digit of 81435273?
8
What is the thousands digit of 1246988538?
8
What is the tens digit of 197438001?
0
What is the thousands digit of 4249972959?
2
What is the units digit of 6990499?
9
What is the units digit of 3819596?
6
What is the billions digit of 1433475568?
1
What is the ten millions digit of 951075814?
5
What is the units digit of 647526549?
9
What is the ten thousands digit of 2064909186?
0
What is the ten thousands digit of 59666629?
6
What is the hundred millions digit of 796498154?
7
What is the millions digit of 198169502?
8
What is the hundred millions digit of 852810659?
8
What is the millions digit of 261904277?
1
What is the ten millions digit of 25113356?
2
What is the units digit of 2057535932?
2
What is the hundreds digit of 14004611?
6
What is the millions digit of 24704798?
4
What is the ten thousands digit of 243321998?
2
What is the hundreds digit of 6726003830?
8
What is the ten millions digit of 115418113?
1
What is the millions digit of 71966847?
1
What is the ten millions digit of 512367148?
1
What is the tens digit of 131877620?
2
What is the millions digit of 1367354796?
7
What is the hundreds digit of 35222911?
9
What is the hundred thousands digit of 26936587?
9
What is the units digit of 448468665?
5
What is the millions digit of 50786108?
0
What is the tens digit of 2671376113?
1
What is the ten thousands digit of 16363080?
6
What is the units digit of 442768044?
4
What is the ten millions digit of 30986093?
3
What is the millions digit of 181415823?
1
What is the hundreds digit of 71288383?
3
What is the units digit of 273770913?
3
What is the hundreds digit of 6752601?
6
What is the ten millions digit of 91414091?
9
What is the hundreds digit of 63511063?
0
What is the hundred thousands digit of 1735942571?
9
What is the ten millions digit of 21350882?
2
What is the billions digit of 1285862021?
1
What is the tens digit of 234936538?
3
What is the hundred thousands digit of 1747277094?
2
What is the hundred millions digit of 1016450907?
0
What is the thousands digit of 403397575?
7
What is the ten thousands digit of 230573493?
7
What is the hundred thousands digit of 6279064943?
0
What is the billions digit of 1415536020?
1
What is the billions digit of 7995016527?
7
What is the units digit of 1305420058?
8
What is the tens digit of 622081681?
8
What is the hundred thousands digit of 3167160651?
1
What is the units digit of 17901279?
9
What is the ten thousands digit of 285790720?
9
What is the hundred thousands digit of 111707156?
7
What is the hundreds digit of 839966735?
7
What is the hundred thousands digit of 259487386?
4
What is the hundred millions digit of 167910069?
1
What is the thousands digit of 1848589441?
9
What is the ten millions digit of 37445428?
3
What is the tens digit of 134120235?
3
What is the tens digit of 145584962?
6
What is the hundred millions digit of 1475370551?
4
What is the tens digit of 1133873381?
8
What is the tens digit of 45736611?
1
What is the millions digit of 33753611?
3
What is the thousands digit of 1546336570?
6
What is the tens digit of 1061744263?
6
What is the millions digit of 249877119?
9
What is the millions digit of 20039763?
0
What is the ten millions digit of 7937397868?
3
What is the hundred millions digit of 3465480505?
4
What is the units digit of 590779093?
3
What is the millions digit of 5186251?
5
What is the hundred thousands digit of 106506299?
5
What is the ten millions digit of 98852892?
9
What is the hundreds digit of 731759471?
4
What is the hundred thousands digit of 89671702?
6
What is the ten thousands digit of 65370803?
7
What is the hundred millions digit of 193916559?
1
What is the millions digit of 95998522?
5
What is the hundreds digit of 24960975?
9
What is the hundred thousands digit of 60947397?
9
What is the hundred thousands digit of 4323088819?
0
What is the ten millions digit of 1761069446?
6
What is the hundreds digit of 13610904?
9
What is the ten thousands digit of 13602924?
0
What is the thousands digit of 10278302?
8
What is the hundreds digit of 17637447?
4
What is the hundreds digit 